{"id":484,"date":"2019-05-28T12:35:44","date_gmt":"2019-05-28T10:35:44","guid":{"rendered":"http:\/\/revivre.centres-sociaux.fr\/?page_id=484"},"modified":"2024-10-23T12:04:39","modified_gmt":"2024-10-23T10:04:39","slug":"les-benevoles","status":"publish","type":"page","link":"https:\/\/centresocialrevivre.fr\/index.php\/votre-csc-revivre\/les-benevoles\/","title":{"rendered":"Les b\u00e9n\u00e9voles"},"content":{"rendered":"\r\n<p><strong><em>Au Centre, les b\u00e9n\u00e9voles ont un engagement important qui permet \u00e0 l&rsquo;association d&rsquo;assurer de nombreuses activit\u00e9s, actions et \u00e9v\u00e9nements qui ne pourraient avoir lieu sans eux, et nous les en remercions tr\u00e8s sinc\u00e8rement.<\/em><\/strong><\/p>\r\n\r\n\r\n\r\n<p><em><strong>Si <\/strong><\/em><strong><em>vous souhaitez rejoindre cette belle \u00e9quipe dynamique, n&rsquo;h\u00e9sitez pas \u00e0 <a href=\"https:\/\/centresocialrevivre.fr\/index.php\/infos-pratiques\/contacts\/\">nous contacter<\/a>.<\/em><\/strong><\/p>\r\n\r\n\r\n\r\n<figure class=\"wp-block-image\"><br>\r\n<figcaption>les b\u00e9n\u00e9voles<\/figcaption>\r\n<\/figure>\r\n\r\n\r\n\r\n<p><strong>B\u00e9n\u00e9voles du secteur enfance, pour les ateliers d&rsquo;accompagnement \u00e0 la scolarit\u00e9 des \u00e9l\u00e8ves du primaire :<\/strong><\/p>\r\n<ul>\r\n<li>Fran\u00e7oise JALLET<\/li>\r\n<li>Myriam LANGANAY<\/li>\r\n<li>Fran\u00e7oise MARTINEZ<\/li>\r\n<\/ul>\r\n\r\n\r\n\r\n<p><strong>B\u00e9n\u00e9voles du secteur jeunes, pour les ateliers d&rsquo;accompagnement \u00e0 la scolarit\u00e9 des coll\u00e9giens:<\/strong><\/p>\r\n<ul>\r\n<li>&nbsp;<\/li>\r\n<\/ul>\r\n\r\n\r\n\r\n<p><strong>B\u00e9n\u00e9voles du secteur adultes\/seniors pour les ateliers :<\/strong><\/p>\r\n<ul>\r\n<li>Claudine NICOLAS, arts cr\u00e9atifs<\/li>\r\n<\/ul>\r\n\r\n\r\n\r\n<p><strong>Autres b\u00e9n\u00e9voles :<\/strong><\/p>\r\n<ul>\r\n<li>Patrice GIRON : Avocat<\/li>\r\n<li>Danielle&nbsp; : Alphab\u00e9tisation<\/li>\r\n<\/ul>\r\n","protected":false},"excerpt":{"rendered":"<p>Au Centre, les b\u00e9n\u00e9voles ont un engagement important qui permet \u00e0 l&rsquo;association d&rsquo;assurer de nombreuses activit\u00e9s, actions et \u00e9v\u00e9nements qui ne pourraient avoir lieu sans eux, et nous les en&#46;&#46;&#46;<\/p>\n","protected":false},"author":1,"featured_media":0,"parent":3719,"menu_order":0,"comment_status":"closed","ping_status":"closed","template":"","meta":{"ngg_post_thumbnail":0,"spay_email":""},"_links":{"self":[{"href":"https:\/\/centresocialrevivre.fr\/index.php\/wp-json\/wp\/v2\/pages\/484"}],"collection":[{"href":"https:\/\/centresocialrevivre.fr\/index.php\/wp-json\/wp\/v2\/pages"}],"about":[{"href":"https:\/\/centresocialrevivre.fr\/index.php\/wp-json\/wp\/v2\/types\/page"}],"author":[{"embeddable":true,"href":"https:\/\/centresocialrevivre.fr\/index.php\/wp-json\/wp\/v2\/users\/1"}],"replies":[{"embeddable":true,"href":"https:\/\/centresocialrevivre.fr\/index.php\/wp-json\/wp\/v2\/comments?post=484"}],"version-history":[{"count":7,"href":"https:\/\/centresocialrevivre.fr\/index.php\/wp-json\/wp\/v2\/pages\/484\/revisions"}],"predecessor-version":[{"id":3726,"href":"https:\/\/centresocialrevivre.fr\/index.php\/wp-json\/wp\/v2\/pages\/484\/revisions\/3726"}],"up":[{"embeddable":true,"href":"https:\/\/centresocialrevivre.fr\/index.php\/wp-json\/wp\/v2\/pages\/3719"}],"wp:attachment":[{"href":"https:\/\/centresocialrevivre.fr\/index.php\/wp-json\/wp\/v2\/media?parent=484"}],"curies":[{"name":"wp","href":"https:\/\/api.w.org\/{rel}","templated":true}]}}

Les bénévoles

<p><strong><em>Au Centre, les bénévoles ont un engagement important qui permet à l&rsquo;association d&rsquo;assurer de nombreuses activités, actions et événements qui ne pourraient avoir lieu sans eux, et nous les en remercions très sincèrement.</em></strong></p>



<p><em><strong>Si </strong></em><strong><em>vous souhaitez rejoindre cette belle équipe dynamique, n&rsquo;hésitez pas à <a href="https://centresocialrevivre.fr/index.php/infos-pratiques/contacts/">nous contacter</a>.</em></strong></p>



<figure class="wp-block-image"><br>
<figcaption>les bénévoles</figcaption>
</figure>



<p><strong>Bénévoles du secteur enfance, pour les ateliers d&rsquo;accompagnement à la scolarité des élèves du primaire :</strong></p>
<ul>
<li>Françoise JALLET</li>
<li>Myriam LANGANAY</li>
<li>Françoise MARTINEZ</li>
</ul>



<p><strong>Bénévoles du secteur jeunes, pour les ateliers d&rsquo;accompagnement à la scolarité des collégiens:</strong></p>
<ul>
<li>&nbsp;</li>
</ul>



<p><strong>Bénévoles du secteur adultes/seniors pour les ateliers :</strong></p>
<ul>
<li>Claudine NICOLAS, arts créatifs</li>
</ul>



<p><strong>Autres bénévoles :</strong></p>
<ul>
<li>Patrice GIRON : Avocat</li>
<li>Danielle&nbsp; : Alphabétisation</li>
</ul>

<p>Au Centre, les bénévoles ont un engagement important qui permet à l&rsquo;association d&rsquo;assurer de nombreuses activités, actions et événements qui ne pourraient avoir lieu sans eux, et nous les en&#46;&#46;&#46;</p>
