{"id":417,"date":"2019-05-28T10:19:16","date_gmt":"2019-05-28T08:19:16","guid":{"rendered":"http:\/\/revivre.centres-sociaux.fr\/?page_id=417"},"modified":"2025-12-31T12:38:43","modified_gmt":"2025-12-31T11:38:43","slug":"contacts","status":"publish","type":"page","link":"https:\/\/centresocialrevivre.fr\/index.php\/contacts\/","title":{"rendered":"Contacts &#038; infos"},"content":{"rendered":"\r\n<h2>L&rsquo;accueil est ouvert<\/h2>\r\n<p><span style=\"font-size: 12pt;\">les Lundis, Mardis, Jeudis de <strong>9h15<\/strong> \u00e0 <strong>12h15<\/strong> et <strong>14h15<\/strong> \u00e0 <strong>17h15<\/strong><\/span><\/p>\r\n<p><span style=\"font-size: 12pt;\">et les Mercredis de <strong>9h15<\/strong> \u00e0 <strong>12h15<\/strong>,<\/span><\/p>\r\n<p><strong><span style=\"font-size: 12pt;\">Ferm\u00e9 le mercredi apr\u00e8s-midi et le vendredi.<\/span><\/strong><\/p>\r\n<p>&nbsp;<\/p>\r\n<p>Pour Info : <em><strong>Le CSC Revivre<\/strong> est totalement ferm\u00e9 la derni\u00e8re semaine du mois d&rsquo;Ao\u00fbt et les vacances de No\u00ebl<\/em><\/p>\r\n<p>&nbsp;<\/p>\r\n<h2>Vous pouvez nous joindre :<\/h2>\r\n\r\n\r\n\r\n<ul>\r\n<li><span style=\"font-size: 12pt;\">Par t\u00e9l\u00e9phone au <strong>04 75 37 76 88&nbsp; <\/strong><\/span><\/li>\r\n<li>Sur place au <strong>1 place du Temple 07140 Les Vans<\/strong><\/li>\r\n<\/ul>\r\n<p><span style=\"font-size: 12pt;\">Pour nous trouver facilement :<\/span><\/p>\r\n<p><iframe style=\"border: 1px solid black;\" src=\"https:\/\/www.openstreetmap.org\/export\/embed.html?bbox=4.132777154445649%2C44.40308168824558%2C4.1339144110679635%2C44.40420269201716&amp;layer=mapnik&amp;marker=44.403642192816456%2C4.133344441652298\" width=\"425\" height=\"350\" frameborder=\"0\" marginwidth=\"0\" marginheight=\"0\" scrolling=\"no\"><\/iframe><br><small><a href=\"https:\/\/www.openstreetmap.org\/?mlat=44.40364&amp;mlon=4.13334#map=19\/44.40364\/4.13335&amp;layers=N\">Afficher une carte plus grande<\/a><\/small><\/p>\r\n<ul>\r\n<li>Par mail \u00e0 <strong>accueil@centresocialrevivre.fr<\/strong> ou via ce formulaire de contact :&nbsp;<\/li>\r\n<\/ul>\r\n<p><br><div role=\"form\" class=\"wpcf7\" id=\"wpcf7-f410-o1\" lang=\"fr-FR\" dir=\"ltr\">\n<div class=\"screen-reader-response\"><p role=\"status\" aria-live=\"polite\" aria-atomic=\"true\"><\/p> <ul><\/ul><\/div>\n<form action=\"\/index.php\/wp-json\/wp\/v2\/pages\/417#wpcf7-f410-o1\" method=\"post\" class=\"wpcf7-form init\" novalidate=\"novalidate\" data-status=\"init\">\n<div style=\"display: none;\">\n<input type=\"hidden\" name=\"_wpcf7\" value=\"410\" \/>\n<input type=\"hidden\" name=\"_wpcf7_version\" value=\"5.4.2\" \/>\n<input type=\"hidden\" name=\"_wpcf7_locale\" value=\"fr_FR\" \/>\n<input type=\"hidden\" name=\"_wpcf7_unit_tag\" value=\"wpcf7-f410-o1\" \/>\n<input type=\"hidden\" name=\"_wpcf7_container_post\" value=\"0\" \/>\n<input type=\"hidden\" name=\"_wpcf7_posted_data_hash\" value=\"\" \/>\n<input type=\"hidden\" name=\"_wpcf7_recaptcha_response\" value=\"\" \/>\n<\/div>\n<p><label> Votre nom (obligatoire)<br \/>\n    <span class=\"wpcf7-form-control-wrap your-name\"><input type=\"text\" name=\"your-name\" value=\"\" size=\"40\" class=\"wpcf7-form-control wpcf7-text wpcf7-validates-as-required\" aria-required=\"true\" aria-invalid=\"false\" \/><\/span> <\/label><\/p>\n<p><label> Votre adresse de messagerie (obligatoire)<br \/>\n    <span class=\"wpcf7-form-control-wrap your-email\"><input type=\"email\" name=\"your-email\" value=\"\" size=\"40\" class=\"wpcf7-form-control wpcf7-text wpcf7-email wpcf7-validates-as-required wpcf7-validates-as-email\" aria-required=\"true\" aria-invalid=\"false\" \/><\/span> <\/label><\/p>\n<p><label> Objet<br \/>\n    <span class=\"wpcf7-form-control-wrap your-subject\"><input type=\"text\" name=\"your-subject\" value=\"\" size=\"40\" class=\"wpcf7-form-control wpcf7-text\" aria-invalid=\"false\" \/><\/span> <\/label><\/p>\n<p><label> Votre message<br \/>\n    <span class=\"wpcf7-form-control-wrap your-message\"><textarea name=\"your-message\" cols=\"40\" rows=\"10\" class=\"wpcf7-form-control wpcf7-textarea\" aria-invalid=\"false\"><\/textarea><\/span> <\/label><\/p>\n<p><input type=\"submit\" value=\"Envoyer\" class=\"wpcf7-form-control wpcf7-submit\" \/><\/p>\n<p style=\"display: none !important;\"><label>&#916;<textarea name=\"_wpcf7_ak_hp_textarea\" cols=\"45\" rows=\"8\" maxlength=\"100\"><\/textarea><\/label><input type=\"hidden\" id=\"ak_js_1\" name=\"_wpcf7_ak_js\" value=\"31\"\/><script>document.getElementById( \"ak_js_1\" ).setAttribute( \"value\", ( new Date() ).getTime() );<\/script><\/p><div class=\"wpcf7-response-output\" aria-hidden=\"true\"><\/div><\/form><\/div><\/p>","protected":false},"excerpt":{"rendered":"<p>L&rsquo;accueil est ouvert les Lundis, Mardis, Jeudis de 9h15 \u00e0 12h15 et 14h15 \u00e0 17h15 et les Mercredis de 9h15 \u00e0 12h15, Ferm\u00e9 le mercredi apr\u00e8s-midi et le vendredi. &nbsp;&#46;&#46;&#46;<\/p>\n","protected":false},"author":1,"featured_media":0,"parent":0,"menu_order":0,"comment_status":"closed","ping_status":"closed","template":"","meta":{"ngg_post_thumbnail":0,"spay_email":""},"_links":{"self":[{"href":"https:\/\/centresocialrevivre.fr\/index.php\/wp-json\/wp\/v2\/pages\/417"}],"collection":[{"href":"https:\/\/centresocialrevivre.fr\/index.php\/wp-json\/wp\/v2\/pages"}],"about":[{"href":"https:\/\/centresocialrevivre.fr\/index.php\/wp-json\/wp\/v2\/types\/page"}],"author":[{"embeddable":true,"href":"https:\/\/centresocialrevivre.fr\/index.php\/wp-json\/wp\/v2\/users\/1"}],"replies":[{"embeddable":true,"href":"https:\/\/centresocialrevivre.fr\/index.php\/wp-json\/wp\/v2\/comments?post=417"}],"version-history":[{"count":7,"href":"https:\/\/centresocialrevivre.fr\/index.php\/wp-json\/wp\/v2\/pages\/417\/revisions"}],"predecessor-version":[{"id":3992,"href":"https:\/\/centresocialrevivre.fr\/index.php\/wp-json\/wp\/v2\/pages\/417\/revisions\/3992"}],"wp:attachment":[{"href":"https:\/\/centresocialrevivre.fr\/index.php\/wp-json\/wp\/v2\/media?parent=417"}],"curies":[{"name":"wp","href":"https:\/\/api.w.org\/{rel}","templated":true}]}}