{"id":178,"date":"2014-09-29T20:20:40","date_gmt":"2014-09-29T19:20:40","guid":{"rendered":"http:\/\/revivre.centres-sociaux.fr\/?page_id=178"},"modified":"2024-10-24T15:51:44","modified_gmt":"2024-10-24T13:51:44","slug":"buro","status":"publish","type":"page","link":"https:\/\/centresocialrevivre.fr\/index.php\/votre-csc-revivre\/buro\/","title":{"rendered":"Vie associative"},"content":{"rendered":"<p>Revivre est une association. Elle fonctionne gr\u00e2ce \u00e0 ses adh\u00e9rents, dans le cadre de ses Statuts. Une Assembl\u00e9e G\u00e9n\u00e9rale est convoqu\u00e9e chaque ann\u00e9e.<\/p>\n<p>Elle est administr\u00e9e par un Conseil d&rsquo;Administration, \u00e9lu en Assembl\u00e9e G\u00e9n\u00e9rale. Il est compos\u00e9 de membres adh\u00e9rents, de membres de droits et de membres associ\u00e9s.&nbsp;<\/p>\n<p>Le bureau g\u00e8re le quotidien du Centre Social. Il est \u00e9lu au sein du Conseil d&rsquo;Administration.<\/p>\n","protected":false},"excerpt":{"rendered":"<p>Revivre est une association. Elle fonctionne gr\u00e2ce \u00e0 ses adh\u00e9rents, dans le cadre de ses Statuts. Une Assembl\u00e9e G\u00e9n\u00e9rale est convoqu\u00e9e chaque ann\u00e9e. Elle est administr\u00e9e par un Conseil d&rsquo;Administration,&#46;&#46;&#46;<\/p>\n","protected":false},"author":1,"featured_media":0,"parent":3719,"menu_order":2,"comment_status":"closed","ping_status":"closed","template":"","meta":{"ngg_post_thumbnail":0,"spay_email":""},"_links":{"self":[{"href":"https:\/\/centresocialrevivre.fr\/index.php\/wp-json\/wp\/v2\/pages\/178"}],"collection":[{"href":"https:\/\/centresocialrevivre.fr\/index.php\/wp-json\/wp\/v2\/pages"}],"about":[{"href":"https:\/\/centresocialrevivre.fr\/index.php\/wp-json\/wp\/v2\/types\/page"}],"author":[{"embeddable":true,"href":"https:\/\/centresocialrevivre.fr\/index.php\/wp-json\/wp\/v2\/users\/1"}],"replies":[{"embeddable":true,"href":"https:\/\/centresocialrevivre.fr\/index.php\/wp-json\/wp\/v2\/comments?post=178"}],"version-history":[{"count":1,"href":"https:\/\/centresocialrevivre.fr\/index.php\/wp-json\/wp\/v2\/pages\/178\/revisions"}],"predecessor-version":[{"id":3585,"href":"https:\/\/centresocialrevivre.fr\/index.php\/wp-json\/wp\/v2\/pages\/178\/revisions\/3585"}],"up":[{"embeddable":true,"href":"https:\/\/centresocialrevivre.fr\/index.php\/wp-json\/wp\/v2\/pages\/3719"}],"wp:attachment":[{"href":"https:\/\/centresocialrevivre.fr\/index.php\/wp-json\/wp\/v2\/media?parent=178"}],"curies":[{"name":"wp","href":"https:\/\/api.w.org\/{rel}","templated":true}]}}

<p>Revivre est une association. Elle fonctionne grâce à ses adhérents, dans le cadre de ses Statuts. Une Assemblée Générale est convoquée chaque année.</p>
<p>Elle est administrée par un Conseil d&rsquo;Administration, élu en Assemblée Générale. Il est composé de membres adhérents, de membres de droits et de membres associés.&nbsp;</p>
<p>Le bureau gère le quotidien du Centre Social. Il est élu au sein du Conseil d&rsquo;Administration.</p>

<p>Revivre est une association. Elle fonctionne grâce à ses adhérents, dans le cadre de ses Statuts. Une Assemblée Générale est convoquée chaque année. Elle est administrée par un Conseil d&rsquo;Administration,&#46;&#46;&#46;</p>
